-116442
What is -ba0a3 (base 12) in base 7?
-2041512
Convert 51a10 (base 11) to base 9.
124824
Convert 109414 (base 15) to base 5.
200300134
Convert -122021002022 (base 3) to base 9.
-567068
Convert 1220012222021 (base 3) to base 2.
11110110001000111011
Convert 3310453 (base 8) to base 10.
889131
Convert 331043 (base 9) to base 4.
300033132
21813808 (base 9) to base 11
5a76322
Convert -7a7144 (base 11) to base 16.
-1394b5
84295 (base 16) to base 2
10000100001010010101
8dff6 (base 16) to base 8
2157766
Convert -2ba88 (base 12) to base 6.
-1155052
-5beaa (base 15) to base 3
-112220200121
Convert 197bdc (base 16) to base 4.
12113233130
What is -5407710 (base 8) in base 16?
-160fc8
-110011011111100011111 (base 2) to base 8
-6337437
What is -e20 (base 16) in base 2?
-111000100000
What is -5650700 (base 8) in base 10?
-1528256
2320343 (base 5) to base 13
16149
What is 114210 (base 5) in base 14?
17d7
Convert -805452 (base 10) to base 15.
-10d9bc
What is -5798593 (base 10) in base 12?
-1b37801
-292427 (base 11) to base 2
-1101111100101010110
What is 101100101100100110 (base 2) in base 16?
2cb26
-c69c9 (base 15) to base 6
-21300300
2220210201 (base 3) to base 13
201c1
605260 (base 10) to base 2
10010011110001001100
Convert 1020436 (base 7) to base 3.
20020021111
-7221887 (base 10) to base 9
-14526508
-3c6950 (base 15) to base 9
-5421883
Convert 14312563 (base 8) to base 11.
191a462
-4122144414 (base 5) to base 13
-197cc73
-1010100001101010101 (base 2) to base 7
-2634406
Convert 10010202000112 (base 3) to base 11.
a3a193
What is ab72a (base 16) in base 15?
dd11a
-252770 (base 10) to base 2
-111101101101100010
What is 510988 (base 12) in base 9?
2340025
Convert -11030100332 (base 4) to base 9.
-2503785
-22201021 (base 3) to base 5
-200402
-58035a0 (base 11) to base 12
-3496461
What is 222455 (base 7) in base 12?
1a922
Convert -1aac90 (base 13) to base 11.
-425728
What is 62896a (base 13) in base 10?
2304065
-650918 (base 16) to base 13
-14aab35
-80306 (base 9) to base 14
-1530d
Convert 81273 (base 15) to base 11.
25a268
What is -11111011000011111 (base 2) in base 9?
-215285
-896a9b (base 15) to base 4
-120333322313
What is -1344552 (base 6) in base 14?
-1db00
40c34a (base 13) to base 9
2754186
7be98 (base 16) to base 12
205874
What is -b12463 (base 15) in base 2?
-100000000101100101100101
Convert -1721784 (base 9) to base 7.
-11103505
What is 11011011100011010100 (base 2) in base 5?
212234114
22523023 (base 6) to base 5
134222234
What is 4303245 (base 6) in base 16?
3370d
Convert -42bd3d (base 16) to base 9.
-8205671
202220000 (base 5) to base 12
336654
What is -2100011011 (base 3) in base 12?
-22787
What is -2017461 (base 8) in base 7?
-4344550
Convert 1135252 (base 8) to base 4.
1023222222
What is 3301a4 (base 11) in base 13?
156025
Convert -14352441 (base 8) to base 5.
-1314001300
Convert -58ba5b (base 16) to base 15.
-79cdd5
Convert -213511 (base 11) to base 5.
-41410403
Convert -100111111010000100011010 (base 2) to base 13.
-2223922
-33275377 (base 8) to base 3
-111111112010110
What is 16ac2 (base 13) in base 7?
241042
Convert -2277065 (base 10) to base 16.
-22bec9
What is 43020442 (base 5) in base 13?
c827a
What is -5031c7 (base 13) in base 15?
-26c1ad
-24c71 (base 14) to base 2
-10110000010010011
12790a (base 12) to base 7
2403304
-6437 (base 16) to base 15
-7905
-16074c (base 13) to base 15
-ab256
180109 (base 10) to base 15
38574
What is 2267737 (base 8) in base 11?
39272a
-868b6 (base 12) to base 10
-177546
Convert 11826 (base 14) to base 6.
525550
What is 35533401 (base 6) in base 4?
10100213221
What is -34736f (base 16) in base 14?
-6569c3
What is -18761033 (base 9) in base 3?
-122212001001010
Convert -215c48 (base 13) to base 7.
-6444233
3368888 (base 9) to base 5
431124041
1839893 (base 11) to base 10
3116941
Convert -5314d (base 16) to base 10.
-340301
3260645 (base 10) to base 14
60c3d3
-213433122 (base 5) to base 4
-3200313031
Convert 176b87 (base 16) to base 9.
2788374
Convert 421656 (base 7) to base 10.
72708
Convert 4c1a5 (base 15) to base 10.
243380
Convert 552123 (base 11) to base 6.
30515540
What is -410314 (base 6) in base 9?
-48541
122112111212 (base 3) to base 16
54467
Convert -253817 (base 9) to base 3.
-21210220121
5d919 (base 15) to base 4
1021000221
Convert 415641 (base 8) to base 12.
67b41
What is -101001101010101000111 (base 2) in base 12?
-55a147
What is -20631351 (base 7) in base 11?
-a9a062
Convert 34125224 (base 6) to base 12.
420814
3505041 (base 6) to base 12
88181
Convert 95376 (base 11) to base 10.
138870
What is 213510310 (base 6) in base 15?
506a36
What is -2121212110201 (base 3) in base 7?
-14566552
Convert 42631 (base 16) to base 3.
111211000011
What is 22010011022 (base 3) in base 12?
7855b
Convert -43003a (base 14) to base 4.
-20221113210
Convert -912a3b (base 14) to base 12.
-17778a5
Convert 11756017 (base 9) to base 4.
111333131110
13310111 (base 7) to base 8
4541071
Convert -49652b (base 14) to base 7.
-30241654
Convert 112016105 (base 7) to base 16.
68307b
Convert -2300033 (base 5) to base 13.
-15665
Convert -144124013 (base 5) to base 10.
-770508
Convert -422633 (base 7) to base 6.
-1322042
Convert -3545232 (base 6) to base 10.
-185204
What is 1032726 (base 8) in base 12?
11381a
Convert -33611 (base 14) to base 5.
-12442141
Convert -46011 (base 16) to base 10.
-286737
Convert 6d632 (base 16) to base 2.
1101101011000110010
Convert -2122211210220 (base 3) to base 15.
-1cdeec
What is 10311110 (base 5) in base 11?
60365
141415204 (base 6) to base 15
3bd317
What is -7005 (base 16) in base 13?
-1008c
-124a1 (base 11) to base 3
-220112220
Convert ba18b (base 15) to base 6.
20400005
12296133 (base 10) to base 13
2716a25
33313362 (base 7) to base 2
1010111110100010110010
a9c12a (base 14) to base 2
10101111101100011011010
Convert -36f09e (base 16) to base 15.
-4b1c62
Convert 122100213 (base 4) to base 6.
2145543
What is -7a31193 (base 11) in base 12?
-485a956
What is 1012320233 (base 4) in base 3?
112202021202
Convert -41792 (base 11) to base 12.
-2b263
Convert 226407 (base 15) to base 14.
30a137
What is -1086c9 (base 15) in base 2?
-11000000010111001010
Convert -66a934 (base 11) to base 16.
-104e2c
What is -35316232 (base 7) in base 10?
-3113875
18051 (base 11) to base 16
6301
Convert -c16c (base 14) to base 13.
-12175
Convert 328665 (base 12) to base 7.
6552221
-430340322 (base 5) to base 13
-4b4424
31043313 (base 5) to base 9
424884
What is 230320514 (base 6) in base 11?
2426466
-10201110211 (base 3) to base 13
-27454
-23b558 (base 12) to base 11
-366571
What is -12120112120100 (base 3) in base 5?
-1224304240
Convert 862a76 (base 11) to base 10.
1380209
What is -1762233 (base 11) in base 15?
-3e0c89
Convert 11010111000011000001 (base 2) to base 10.
880833
-113123102033 (base 4) to base 9
-12488862
Convert 1511202 (base 7) to base 2.
110001111011110000
Convert -21130341 (base 5) to base 9.
-288674
What is 675164 (base 8) in base 14?
5d108
Convert -1a34964 (base 12) to base 5.
-2404413141
-dc958 (base 16) to base 14
-1973a8
-41748f (base 16) to base 14
-7d9419
What is 206044543 (base 7) in base 13?
26ca3c7
-2003353 (base 6) to base 10
-94101
-1101a (base 16) to base 11
-48376
What is 31575326 (base 8) in base 15?
8d4a0b
Convert 803c2d (base 15) to base 13.
1351cb7
Convert 34a221 (base 11) to base 4.
2013210130
14315175 (base 8) to base 4
30121221331
Convert -372a20 (base 13) to base 4.
-11002033230
What is 2204703 (base 11) in base 10?
3871398
Convert 2024755 (base 8) to base 2.
10000010100111101101
What is -10010100010001100 (base 2) in base 13?
-28729
101300121213 (base 4) to base 13
c6c876
What is 310322120 (base 4) in base 6?
4351212
What is 1100000000010 (base 2) in base 4?
1200002
-430124 (base 14) to base 2
-1000101001011010010100
What is 265551 (base 10) in base 8?
1006517
-1e2254 (base 15) to base 12
-5b19a4
-11101231001 (base 4) to base 7
-14520515
Convert -31211033020 (base 4) to base 8.
-15451710
Convert 211123122201 (base 4) to base 6.
550144053
Convert 110001101100111010100011 (base 2) to base 12.
4443b43
What is -102679 (base 10) in base 15?
-20654
What is -1010010110001111111 (base 2) in base 11?
-211827
What is 3004d3 (base 16) in base 5?
1301200323
What is -ba93a (base 15) in base 10?
-592